6)/(15/j)?
2, 5
Let v be (12/10)/((-4)/(-40)). Suppose 8*b = 6*b - v. List the prime factors of 1 + b/(-2) + 22.
2, 13
Let k(x) be the third derivative of 13*x**8/20160 - x**7/5040 + x**5/15 - 2*x**2. Let o(d) be the third derivative of k(d). What are the prime factors of o(1)?
2, 3
Let o = 73 + -24. Suppose 48*n + 32 = o*n. List the prime factors of n.
2
Suppose -4*n - 4*m = -8, 5*n + m = 11 + 7. Suppose n*g - 282 = -90. Suppose 0 = 2*d + x - g, 3*x = -d + x + 21. List the prime factors of d.
5
Suppose -6850 = -10*q + 1110. What are the prime factors of q?
2, 199
Let d(b) = -b**3 - b**2 + 1. Let x be d(-2). Suppose 142 - 32 = x*h. Let o = 78 - h. List the prime factors of o.
2, 7
Let c = 18 + -6. What are the prime factors of (-16)/(-12) + 584/c?
2, 5
Suppose -9*p = -2135 - 52. List the prime factors of p.
3
Let s = -342 + 1158. List the prime factors of s.
2, 3, 17
Let x(y) = -y**3 + 22*y**2 + 8*y + 17. Let b be x(21). Suppose 238 = 6*s - b. List the prime factors of s.
2, 3
Let f = 20 + -24. Let m be 28*(2/f + 1). Let b = 44 - m. List the prime factors of b.
2, 3, 5
Suppose 0 = -c + 3*c + 3*k - 29, 4*c = -4*k + 48. Let x(p) = 11*p + 31. What are the prime factors of x(c)?
2, 3
Let k(p) = p**3 + 6*p**2 - 5*p + 10. Let u be k(-7). Let y be u/1 + (0 - 56). Let l = y - -108. List the prime factors of l.
2, 3
Let b(v) = -v**3 - 20*v**2 - 13*v + 32. What are the prime factors of b(-20)?
2, 73
Let m(s) = -s**3 - s**2 + s + 4. Let w be m(0). Suppose -2*p - p = 3*c - 207, -w*p + 5*c + 294 = 0. List the prime factors of p.
71
Suppose m - 1198 = -5*g + 211, -m + 1417 = g. What are the prime factors of m?
3, 11, 43
Let i(z) = z**2 + 4*z - 786. List the prime factors of i(39).
3, 11
What are the prime factors of 464/6*(363/22 + -9)?
2, 5, 29
Suppose -2*v + 4*k = -1676, -k + 852 + 799 = 2*v. List the prime factors of v.
2, 3, 23
Let j(u) = -2*u - 8. Let y be j(-4). Suppose y*o + 3*o = 3. What are the prime factors of o + -3 - (7 + -46)?
37
Let w(x) = -2 - 2*x - x**2 - 4 - 12*x. Let q be (-28)/(-2)*((-114)/(-12))/(-19). List the prime factors of w(q).
43
Let r be ((-1452)/(-77))/(2/14). Suppose 0 = -4*o + 5*y + 118, -3*y + y + r = 4*o. What are the prime factors of o?
2
Suppose 0 = u - 2*p - 15, -5*u - 3 = -2*p - 54. Suppose -u*m = -0*m - 594. List the prime factors of m.
2, 3, 11
What are the prime factors of (-10)/(-8)*(-4180)/(9 + -20)?
5, 19
Let v(r) = -r**2 + 12*r - 12. Let x be v(11). Let f = x + 7. Suppose f*o = 5*o + 21. What are the prime factors of o?
3, 7
Let w(o) = 20*o**3 - 3*o**2 + 11*o - 24. What are the prime factors of w(4)?
2, 313
Let t(f) be the first derivative of -3*f**2/2 - 13*f - 2. Let h be t(-10). Let v(r) = -r**2 + 19*r - 19. List the prime factors of v(h).
3, 5
Let y be 172/6 + (-31)/(-93). Let t(w) = 2*w**2 + 7*w - 4. Let o be t(-6). Suppose -y = -k + o. List the prime factors of k.
5, 11
Suppose -3*q + 2*g + 3 = 0, -g = g - 6. What are the prime factors of ((-54)/(-5))/(q + (-29)/10)?
2, 3
Suppose 23 = -5*y + 8. Let k(v) = -v - 1. Let u be k(y). Suppose 14 = 4*i + u. What are the prime factors of i?
3
Let s = 4188 - 60. What are the prime factors of s?
2, 3, 43
Suppose -j - 6 = 5*q - 22, 2*j = -q + 5. What are the prime factors of (342/15)/(j/(6 + -1))?
2, 3, 19
Let o be (8 - -4)/6 - 10. Let p(s) = -s**3 - 3*s**2 + 5*s + 5. List the prime factors of p(o).
3, 5, 19
Let y = -2 + 1. What are the prime factors of (-1)/1*-8 - (y + 2)?
7
Let m = -86 - -86. Suppose m = -0*b + 4*b - 696. What are the prime factors of b?
2, 3, 29
Let n(v) = -v**3 + 10*v**2 + 15*v - 26. Let k be n(10). Let l = -56 + k. What are the prime factors of l?
2, 17
Let d = 1265 - -242. List the prime factors of d.
11, 137
Let x be (-5)/15 + (-14)/(-6). Suppose 0 = k + 3*o - 155, 2*k + o = x*o + 296. What are the prime factors of k?
149
Let g(v) = 31*v + 1. Let c(n) = -n**3 + 5*n**2 + 15*n - 5. Let a be c(7). What are the prime factors of g(a)?
3, 7
Let x = 519 + -352. Suppose -x = -5*c - 3*f + 808, 0 = -c + f + 203. List the prime factors of c.
2, 3, 11
Let d = 151 - -133. Suppose -d = u - 5*u. Let q = u + -33. What are the prime factors of q?
2, 19
Let c(p) = 7*p**2 + 60*p - 13. List the prime factors of c(-10).
3, 29
Let x(h) = -h**3 + 7*h**2 + 10*h - 11. Let p be x(8). Suppose 3*c + p*v = 353, -c + v + 112 = -3*v. What are the prime factors of c?
2, 29
Suppose 62*h - 10*h - 88920 = 0. What are the prime factors of h?
2, 3, 5, 19
Suppose 3*x + 2*x - 5 = 0. What are the prime factors of 4 + x*(67 + -1)?
2, 5, 7
Let k(j) = 12*j**2 - 7*j + 29. Let x = 131 - 128. List the prime factors of k(x).
2, 29
Let f = 29 + -31. Let x be f/(-4)*(-6)/(-3). Let o(w) = 22*w**2 + w - 1. List the prime factors of o(x).
2, 11
Let h(p) = 182*p + 66. List the prime factors of h(10).
2, 23, 41
Suppose 0*m - 32 = 2*m. Let j(z) = -z**3 - 16*z**2 - 4*z - 2. What are the prime factors of j(m)?
2, 31
Let r(h) = -590*h - 24. What are the prime factors of r(-1)?
2, 283
Let u be 1*-4*(-20)/16. Suppose u*f = 310 - 105. List the prime factors of f.
41
Let t = 1401 + -856. List the prime factors of t.
5, 109
Let s be 2*1*(-1 - -5). Let v(o) = 9*o - 31. List the prime factors of v(s).
41
Suppose 3*p + 2*p = 10. Let s(o) = p*o + 30*o**2 + 1 + o - 4*o + 2*o**2. What are the prime factors of s(-1)?
2, 17
Let t(x) = 66*x**2 + 40*x + 149. What are the prime factors of t(-4)?
5, 11, 19
Suppose 3*p = -4*x - 3, -4*x + x + 2 = -2*p. Let a be (1 - x)*105/5. Suppose g + 2*d - a = -4*g, -9 = -g + 2*d. List the prime factors of g.
5
What are the prime factors of -2 + 13704/21 - 216/378?
2, 5, 13
Suppose j = 4*d + 773, -j - 3*d = -748 + 10. List the prime factors of j.
3, 251
Let w(b) = -b - 9. Let m be w(-7). Let n be ((-3)/(-6))/(m/(-12)). Suppose 0 = -2*j + 4, -2*c - n*c + 13 = -j. What are the prime factors of c?
3
Let o(h) = -h**3 + 6*h**2 + 2*h - 15. Let r be o(6). Let l(x) = 3*x**2 - 8*x - 1. List the prime factors of l(r).
2, 5
Suppose 2*i - 69 = -195. Let y = 13 - i. What are the prime factors of y?
2, 19
Let i(v) = 63*v**3 - 20*v**2 + 3*v + 20. Let b(o) = 42*o**3 - 13*o**2 + 2*o + 13. Let x(c) = 8*b(c) - 5*i(c). What are the prime factors of x(2)?
2, 79
Let y = -1884 - -1949. What are the prime factors of y?
5, 13
Suppose -3*h + 6 = 6*f - 4*f, 0 = -f + 4*h - 8. Let u = 5 + f. Suppose -u*x + 4*b = -179 - 10, -3*x = b - 110. List the prime factors of x.
37
Suppose 0 = l - 2102 + 220. What are the prime factors of l?
2, 941
Let m(p) = -14*p + 94. Suppose 2*r + 43 = -5*s, 4*r = -6 - 10. List the prime factors of m(s).
2, 3
Suppose 5*x - 4*z - 4095 = 3876, 3186 = 2*x - z. What are the prime factors of x?
37, 43
Suppose 3*k - 1652 = -5*c, 0 = 4*k - 18 + 2. What are the prime factors of c?
2, 41
Suppose 6*p - 396 = 534. Let n be (-3)/3 - (1 + -2). What are the prime factors of (-2 + n)/((-10)/p)?
31
Let k be -1*(-2)/1*1. Let d(o) = -o + o**3 + k - 4 - 5 - 4*o**2 + 0*o**3. List the prime factors of d(5).
13
Let g = 25 + -19. What are the prime factors of 58 - 2*-3*(-3)/g?
5, 11
Let l(s) = 6*s**2 - 12*s - 460. What are the prime factors of l(-18)?
2, 5, 17
Let p(f) = f**2 - 10*f + 22. Let v be p(9). Suppose -120 = v*l - 15*l. List the prime factors of l.
2, 3, 5
Suppose 0 = 5*i + 2*d - 3918, 7*d - 3*d + 3894 = 5*i. List the prime factors of i.
2, 17, 23
Let t(k) = 33*k + 82. What are the prime factors of t(14)?
2, 17
Let r = 479 + -210. List the prime factors of r.
269
Let w(m) = 20*m - 213. What are the prime factors of w(30)?
3, 43
Suppose 0 = -7*f + 39 - 18. Suppose 4*v + 454 = f*y, 3*y = 6*y + 3*v - 426. List the prime factors of y.
2, 73
Let q(h) = h**2. Let f(x) = 6*x**2 + 6*x + 7. Let p(b) = f(b) - 4*q(b). List the prime factors of p(-5).
3
Let r = 197 + -141. What are the prime factors of -1*(-2)/1 - r*-1?
2, 29
Suppose -660 = -6*h + h. Suppose h = 4*n - 136. What are the prime factors of n?
67
Let k be (-14)/(4*(-4)/(-224)). Let g = 15 - k. What are the prime factors of g?
211
Let v be 35/(-2)*2*-1. Suppose -p = -6*p + 60. Suppose -z - p = -v. List the prime factors of z.
23
Let i(r) = -104*r - 40. Let z(f) = -8*f - 3. Let t(b) = -5*i(b) + 64*z(b). What are the prime factors of t(6)?
2, 7
Let o = 719 + -302. What are the prime factors of o?
3, 139
Let b be (-2 - (-25)/10)*-12. List the prime f